{"id":593,"date":"2022-02-19T16:51:00","date_gmt":"2022-02-19T16:51:00","guid":{"rendered":"https:\/\/startersites.io\/stagingthree\/?page_id=593"},"modified":"2025-05-27T02:53:15","modified_gmt":"2025-05-27T02:53:15","slug":"about-2","status":"publish","type":"page","link":"https:\/\/www.agroport.uy\/?page_id=593","title":{"rendered":"Nosotros"},"content":{"rendered":"\n<div class=\"wp-block-stackable-spacer stk-block-spacer stk--no-padding stk-block stk-6a8268d\" data-block-id=\"6a8268d\"><style>.stk-6a8268d {height:130px !important;}@media screen and (max-width:999px){.stk-6a8268d {height:80px !important;}}<\/style><\/div>\n\n\n\n<div class=\"wp-block-stackable-columns alignfull stk-block-columns stk-block stk-47369fb\" data-block-id=\"47369fb\"><style>.stk-47369fb .stk--block-align-47369fb{align-items:center !important;}.stk-47369fb {margin-bottom:0px !important;}.stk-47369fb-column{--stk-column-gap:50px !important;row-gap:50px !important;}<\/style><div class=\"stk-row stk-inner-blocks stk--block-align-47369fb stk-block-content stk-content-align stk-47369fb-column\">\n<div class=\"wp-block-stackable-column stk-block-column stk-column stk-block stk-1da631d\" data-v=\"4\" data-block-id=\"1da631d\"><style>.stk-1da631d-container{margin-top:0px !important;margin-right:0px !important;margin-bottom:0px !important;margin-left:0px !important;}<\/style><div class=\"stk-column-wrapper stk-block-column__content stk-container stk-1da631d-container stk--no-background stk--no-padding\"><div class=\"stk-block-content stk-inner-blocks stk-1da631d-inner-blocks\">\n<div class=\"wp-block-stackable-heading stk-block-heading stk-block-heading--v2 stk-block stk-ad9fe3a\" id=\"agroport-inversion-ganadera-con-enfoque-sostenible-y-productivo\" data-block-id=\"ad9fe3a\"><style>.stk-ad9fe3a {margin-bottom:35px !important;}.stk-ad9fe3a .stk-block-heading__text{font-size:40px !important;line-height:1.2em !important;}@media screen and (max-width:999px){.stk-ad9fe3a .stk-block-heading__text{font-size:30px !important;}}<\/style><h2 class=\"stk-block-heading__text has-text-align-center-mobile\">AGROPORT: Inversi\u00f3n Ganadera con Enfoque Sostenible y Productivo<\/h2><\/div>\n\n\n\n<div class=\"wp-block-stackable-text stk-block-text stk-block stk-b6e9eb3\" data-block-id=\"b6e9eb3\"><style>.stk-b6e9eb3 {margin-bottom:0px !important;}<\/style><p class=\"stk-block-text__text has-text-align-center-mobile\">La sociedad por acciones simplificada <strong>AGROPORT<\/strong> es titular de derechos de propiedad sobre diversos inmuebles rurales y explotaciones agropecuarias, desde donde impulsa iniciativas orientadas al desarrollo productivo y sostenible del sector. Su actividad se sustenta en una visi\u00f3n estrat\u00e9gica que combina tradici\u00f3n, innovaci\u00f3n y responsabilidad ambiental.<\/p><\/div>\n\n\n\n<p>Una de las principales l\u00edneas de negocio de AGROPORT es la inversi\u00f3n mediante la capitalizaci\u00f3n de ganado vacuno, un modelo que permite atraer capital para ampliar su escala productiva y mejorar la eficiencia operativa en la cadena ganadera. Esta modalidad no solo ofrece oportunidades de crecimiento econ\u00f3mico, sino que tambi\u00e9n promueve la participaci\u00f3n de inversores en un rubro clave para la econom\u00eda rural.<\/p>\n<\/div><\/div><\/div>\n\n\n\n<div class=\"wp-block-stackable-column stk-block-column stk-column stk-block stk-43cb914\" data-v=\"4\" data-block-id=\"43cb914\"><style>.stk-43cb914-container{margin-top:0px !important;margin-right:0px !important;margin-bottom:0px !important;margin-left:0px !important;}<\/style><div class=\"stk-column-wrapper stk-block-column__content stk-container stk-43cb914-container stk--no-background stk--no-padding\"><div class=\"stk-block-content stk-inner-blocks stk-43cb914-inner-blocks\">\n<div class=\"wp-block-stackable-video-popup stk-block-video-popup stk-block stk-f59fcda\" data-video=\"https:\/\/youtu.be\/eLTfGT-_vKE\" data-block-id=\"f59fcda\"><style>.stk-f59fcda {border-top-left-radius:5px !important;border-top-right-radius:5px !important;border-bottom-right-radius:5px !important;border-bottom-left-radius:5px !important;overflow:hidden !important;padding-top:0px !important;padding-right:0px !important;padding-left:0px !important;}<\/style><div class=\"stk-block-video-popup__overlay stk-row stk-inner-blocks stk-block-content stk-hover-parent\" aria-label=\"Play Video\" tabindex=\"0\" role=\"button\">\n<div class=\"wp-block-stackable-image stk-block-image stk-block stk-689280d\" data-block-id=\"689280d\"><style>.stk-689280d .stk-img-wrapper{width:100% !important;height:450px !important;}.stk-689280d .stk-img-wrapper img{transform:scale(1.26) !important;object-position:62% 45% !important;}<\/style><figure><span class=\"stk-img-wrapper stk-image--shape-stretch\"><img loading=\"lazy\" decoding=\"async\" class=\"stk-img wp-image-1068\" src=\"https:\/\/www.agroport.uy\/wp-content\/uploads\/2025\/05\/IMG_9305.jpeg\" width=\"1536\" height=\"2048\" srcset=\"https:\/\/www.agroport.uy\/wp-content\/uploads\/2025\/05\/IMG_9305.jpeg 1536w, https:\/\/www.agroport.uy\/wp-content\/uploads\/2025\/05\/IMG_9305-225x300.jpeg 225w, https:\/\/www.agroport.uy\/wp-content\/uploads\/2025\/05\/IMG_9305-768x1024.jpeg 768w, https:\/\/www.agroport.uy\/wp-content\/uploads\/2025\/05\/IMG_9305-1152x1536.jpeg 1152w\" sizes=\"auto, (max-width: 1536px) 100vw, 1536px\" \/><\/span><\/figure><\/div>\n<\/div><\/div>\n<\/div><\/div><\/div>\n<\/div><\/div>\n\n\n\n<div class=\"wp-block-stackable-spacer stk-block-spacer stk--no-padding stk-block stk-0c5a20f\" data-block-id=\"0c5a20f\"><style>.stk-0c5a20f {height:130px !important;}@media screen and (max-width:999px){.stk-0c5a20f {height:80px !important;}}<\/style><\/div>\n\n\n\n<div class=\"wp-block-stackable-columns alignfull stk-block-columns stk-block stk-80c3c8a ct-mobile-order\" data-block-id=\"80c3c8a\"><style>.stk-80c3c8a .stk--block-align-80c3c8a{align-items:center !important;}.stk-80c3c8a {margin-bottom:0px !important;}.stk-80c3c8a-column{--stk-column-gap:50px !important;row-gap:50px !important;}<\/style><div class=\"stk-row stk-inner-blocks stk--block-align-80c3c8a stk-block-content stk-content-align stk-80c3c8a-column\">\n<div class=\"wp-block-stackable-column stk-block-column stk-column stk-block stk-67a427e\" data-v=\"4\" data-block-id=\"67a427e\"><style>.stk-67a427e-container{margin-top:0px !important;margin-right:0px !important;margin-bottom:0px !important;margin-left:0px !important;}<\/style><div class=\"stk-column-wrapper stk-block-column__content stk-container stk-67a427e-container stk--no-background stk--no-padding\"><div class=\"stk-block-content stk-inner-blocks stk-67a427e-inner-blocks\">\n<div class=\"wp-block-stackable-video-popup stk-block-video-popup stk-block stk-d6aea56\" data-video=\"https:\/\/youtu.be\/eLTfGT-_vKE\" data-block-id=\"d6aea56\"><style>.stk-d6aea56 {border-top-left-radius:5px !important;border-top-right-radius:5px !important;border-bottom-right-radius:5px !important;border-bottom-left-radius:5px !important;overflow:hidden !important;padding-top:0px !important;padding-right:0px !important;padding-left:0px !important;}<\/style><div class=\"stk-block-video-popup__overlay stk-row stk-inner-blocks stk-block-content stk-hover-parent\" aria-label=\"Play Video\" tabindex=\"0\" role=\"button\">\n<div class=\"wp-block-stackable-image stk-block-image stk-block stk-619476d\" data-block-id=\"619476d\"><figure><span class=\"stk-img-wrapper stk-image--shape-stretch\"><img loading=\"lazy\" decoding=\"async\" class=\"stk-img wp-image-1067\" src=\"https:\/\/www.agroport.uy\/wp-content\/uploads\/2025\/05\/IMG_9291.jpeg\" width=\"2048\" height=\"1536\" srcset=\"https:\/\/www.agroport.uy\/wp-content\/uploads\/2025\/05\/IMG_9291.jpeg 2048w, https:\/\/www.agroport.uy\/wp-content\/uploads\/2025\/05\/IMG_9291-300x225.jpeg 300w, https:\/\/www.agroport.uy\/wp-content\/uploads\/2025\/05\/IMG_9291-1024x768.jpeg 1024w, https:\/\/www.agroport.uy\/wp-content\/uploads\/2025\/05\/IMG_9291-768x576.jpeg 768w, https:\/\/www.agroport.uy\/wp-content\/uploads\/2025\/05\/IMG_9291-1536x1152.jpeg 1536w\" sizes=\"auto, (max-width: 2048px) 100vw, 2048px\" \/><\/span><\/figure><\/div>\n<\/div><\/div>\n<\/div><\/div><\/div>\n\n\n\n<div class=\"wp-block-stackable-column stk-block-column stk-column stk-block stk-3a8c4eb\" data-v=\"4\" data-block-id=\"3a8c4eb\"><style>.stk-3a8c4eb-container{margin-top:0px !important;margin-right:0px !important;margin-bottom:0px !important;margin-left:0px !important;}<\/style><div class=\"stk-column-wrapper stk-block-column__content stk-container stk-3a8c4eb-container stk--no-background stk--no-padding\"><div class=\"stk-block-content stk-inner-blocks stk-3a8c4eb-inner-blocks\">\n<div class=\"wp-block-stackable-heading stk-block-heading stk-block-heading--v2 stk-block stk-03e6813\" id=\"desarrollo-agropecuario-responsable-a-traves-de-la-capitalizacion-de-ganado\" data-block-id=\"03e6813\"><style>.stk-03e6813 {margin-bottom:35px !important;}.stk-03e6813 .stk-block-heading__text{font-size:40px !important;line-height:1.2em !important;}@media screen and (max-width:999px){.stk-03e6813 .stk-block-heading__text{font-size:30px !important;}}<\/style><h2 class=\"stk-block-heading__text has-text-align-center-mobile\">Desarrollo Agropecuario Responsable a trav\u00e9s de la Capitalizaci\u00f3n de Ganado<\/h2><\/div>\n\n\n\n<div class=\"wp-block-stackable-text stk-block-text stk-block stk-80ed068\" data-block-id=\"80ed068\"><style>.stk-80ed068 {margin-bottom:0px !important;}<\/style><p class=\"stk-block-text__text has-text-align-center-mobile\">AGROPORT se especializa en la cr\u00eda de ganado bovino destinado a la producci\u00f3n de carne de alta calidad, cumpliendo con exigentes est\u00e1ndares sanitarios y de bienestar animal. Sus procesos productivos se basan en pr\u00e1cticas eficientes y sostenibles, integrando tecnolog\u00edas modernas de manejo, trazabilidad y nutrici\u00f3n animal. Esta orientaci\u00f3n permite a la empresa no solo satisfacer la demanda interna, sino tambi\u00e9n acceder a mercados internacionales cada vez m\u00e1s exigentes.<\/p><\/div>\n\n\n\n<p>Con un enfoque integral que abarca desde la gesti\u00f3n del campo hasta la comercializaci\u00f3n, AGROPORT se posiciona como un actor relevante dentro del entramado agroindustrial del pa\u00eds, comprometido con el desarrollo del sector y con una producci\u00f3n responsable y sustentable.<\/p>\n<\/div><\/div><\/div>\n<\/div><\/div>\n\n\n\n<div class=\"wp-block-stackable-spacer stk-block-spacer stk--no-padding stk-block stk-551bfce\" data-block-id=\"551bfce\"><style>.stk-551bfce {height:130px !important;}@media screen and (max-width:999px){.stk-551bfce {height:80px !important;}}<\/style><\/div>\n\n\n\n<div class=\"wp-block-stackable-columns stk-block-columns stk-block stk-e64ef71\" data-block-id=\"e64ef71\"><style>.stk-e64ef71-column{--stk-columns-spacing:41px !important;}<\/style><div class=\"stk-row stk-inner-blocks stk-block-content stk-content-align stk-e64ef71-column\">\n<div class=\"wp-block-stackable-column stk-block-column stk-column stk-block stk-e9bd9ea\" data-v=\"4\" data-block-id=\"e9bd9ea\"><style>@media screen and (min-width:690px){.stk-e9bd9ea {flex:var(--stk-flex-grow, 1) 1 calc(33.333% - var(--stk-column-gap, 0px) * 2 \/ 3 ) !important;}}<\/style><div class=\"stk-column-wrapper stk-block-column__content stk-container stk-e9bd9ea-container stk--no-background stk--no-padding\"><div class=\"stk-block-content stk-inner-blocks stk-e9bd9ea-inner-blocks\">\n<figure class=\"wp-block-image size-full\"><img decoding=\"async\" src=\"https:\/\/www.agroport.uy\/wp-content\/uploads\/2025\/05\/Artboard-1@4x-100.jpg\" alt=\"\" class=\"wp-image-969\"\/><\/figure>\n<\/div><\/div><\/div>\n\n\n\n<div class=\"wp-block-stackable-column stk-block-column stk-column stk-block stk-26d8f42\" data-v=\"4\" data-block-id=\"26d8f42\"><style>@media screen and (min-width:690px){.stk-26d8f42 {flex:var(--stk-flex-grow, 1) 1 calc(33.333% - var(--stk-column-gap, 0px) * 2 \/ 3 ) !important;}}<\/style><div class=\"stk-column-wrapper stk-block-column__content stk-container stk-26d8f42-container stk--no-background stk--no-padding\"><div class=\"stk-block-content stk-inner-blocks stk-26d8f42-inner-blocks\">\n<figure class=\"wp-block-image size-full\"><img decoding=\"async\" src=\"https:\/\/www.agroport.uy\/wp-content\/uploads\/2025\/05\/Artboard-1-copy@4x-100.jpg\" alt=\"\" class=\"wp-image-967\"\/><\/figure>\n<\/div><\/div><\/div>\n\n\n\n<div class=\"wp-block-stackable-column stk-block-column stk-column stk-block stk-50b977e\" data-v=\"4\" data-block-id=\"50b977e\"><style>@media screen and (min-width:690px){.stk-50b977e {flex:var(--stk-flex-grow, 1) 1 calc(33.334% - var(--stk-column-gap, 0px) * 2 \/ 3 ) !important;}}<\/style><div class=\"stk-column-wrapper stk-block-column__content stk-container stk-50b977e-container stk--no-background stk--no-padding\"><div class=\"stk-block-content stk-inner-blocks stk-50b977e-inner-blocks\">\n<figure class=\"wp-block-image size-full\"><img decoding=\"async\" src=\"https:\/\/www.agroport.uy\/wp-content\/uploads\/2025\/05\/Artboard-1-copy-2@4x-100.jpg\" alt=\"\" class=\"wp-image-968\"\/><\/figure>\n<\/div><\/div><\/div>\n<\/div><\/div>\n\n\n\n<p><\/p>\n","protected":false},"excerpt":{"rendered":"<p>AGROPORT: Inversi\u00f3n Ganadera con Enfoque Sostenible y Productivo La sociedad por acciones simplificada AGROPORT es titular de derechos de propiedad sobre diversos inmuebles rurales y explotaciones agropecuarias, desde donde impulsa iniciativas orientadas al desarrollo productivo y sostenible del sector. Su actividad se sustenta en una visi\u00f3n estrat\u00e9gica que combina tradici\u00f3n, innovaci\u00f3n y responsabilidad ambiental. Una [&hellip;]<\/p>\n","protected":false},"author":2,"featured_media":1063,"parent":0,"menu_order":0,"comment_status":"closed","ping_status":"closed","template":"","meta":{"footnotes":""},"class_list":["post-593","page","type-page","status-publish","has-post-thumbnail","hentry"],"blocksy_meta":{"styles_descriptor":{"styles":{"desktop":"","tablet":"","mobile":""},"google_fonts":[],"version":6}},"_links":{"self":[{"href":"https:\/\/www.agroport.uy\/index.php?rest_route=\/wp\/v2\/pages\/593","targetHints":{"allow":["GET"]}}],"collection":[{"href":"https:\/\/www.agroport.uy\/index.php?rest_route=\/wp\/v2\/pages"}],"about":[{"href":"https:\/\/www.agroport.uy\/index.php?rest_route=\/wp\/v2\/types\/page"}],"author":[{"embeddable":true,"href":"https:\/\/www.agroport.uy\/index.php?rest_route=\/wp\/v2\/users\/2"}],"replies":[{"embeddable":true,"href":"https:\/\/www.agroport.uy\/index.php?rest_route=%2Fwp%2Fv2%2Fcomments&post=593"}],"version-history":[{"count":5,"href":"https:\/\/www.agroport.uy\/index.php?rest_route=\/wp\/v2\/pages\/593\/revisions"}],"predecessor-version":[{"id":1100,"href":"https:\/\/www.agroport.uy\/index.php?rest_route=\/wp\/v2\/pages\/593\/revisions\/1100"}],"wp:featuredmedia":[{"embeddable":true,"href":"https:\/\/www.agroport.uy\/index.php?rest_route=\/wp\/v2\/media\/1063"}],"wp:attachment":[{"href":"https:\/\/www.agroport.uy\/index.php?rest_route=%2Fwp%2Fv2%2Fmedia&parent=593"}],"curies":[{"name":"wp","href":"https:\/\/api.w.org\/{rel}","templated":true}]}}